be 3 + (4/2 - 0). Calculate the remainder when 184/s + (-2)/(-10) is divided by 19.
18
Suppose 3*k + y - 5*y - 85 = 0, -101 = -3*k - 4*y. What is the remainder when k is divided by 13?
5
Suppose 0 = 9*c + 8*c - 5950. What is the remainder when c is divided by 39?
38
What is the remainder when 18 is divided by (-3)/(-2)*30/9?
3
Suppose -3*o = -6 - 3. Suppose -o*r = -1 - 14. Suppose -2*s + r*p = -22 - 7, 0 = -s - 3*p - 2. What is the remainder when 12 is divided by s?
5
Let f(s) = s**2 + s + 1. Let z(n) = n**2 - 4*n + 4. Let w be z(4). Calculate the remainder when 61 is divided by f(w).
19
Suppose 0 = 24*w - 27*w + 27. What is the remainder when w is divided by 4?
1
Let a = -8 + 10. Suppose 26 = a*t - 5*k, 0 = -4*k - 15 - 1. What is the remainder when 9 is divided by t?
0
Let v(w) = 2*w**2 - 7*w - 2. What is the remainder when 83 is divided by v(6)?
27
What is the remainder when -1*3*12/(-9) is divided by 4?
0
Suppose -4*a + 13 = 1. Suppose -2*t - 4 - 18 = -a*r, -2*r + 17 = t. Calculate the remainder when r is divided by 3.
2
Suppose 4*x - 456 + 148 = 0. Suppose 0 = 2*r - x + 11. Calculate the remainder when r is divided by 9.
6
Let v be (7/(-28))/(1/(-12)). What is the remainder when v/(-3)*-1 - -19 is divided by 7?
6
What is the remainder when (-246)/(-8) - 2/(-8) is divided by 17?
14
Let g = 130 - 129. What is the remainder when 13 is divided by g?
0
Let u = 58 + -21. Calculate the remainder when u is divided by 234/6*1/3.
11
Let w(y) = -y**3 - y**2 + 2*y + 2. Calculate the remainder when w(-2) is divided by 1.
0
Let u = 57 + -1. What is the remainder when u is divided by (-174)/(-9) + 2/(-6)?
18
Let q = 18 - 16. What is the remainder when 3 is divided by q?
1
Let x be 2 + (-3 + 5 - -14). Let l = -6 + x. Calculate the remainder when (-2)/6 + (-212)/(-6) is divided by l.
11
Suppose 2*w + 2 = 2*f, -5*f = -3*w - w - 7. Suppose -w*v + 2*h - 6 = 0, 4*h + h = 2*v. What is the remainder when 8 is divided by 8/20 - 23/v?
3
Let i(r) = r**2 - 7*r - 4. Calculate the remainder when 4/2 - (-18 - 7) is divided by i(9).
13
Suppose 5*f - 100 = -5. Let z(p) = 2*p - 4. Calculate the remainder when f is divided by z(7).
9
Let c(m) = -m**3 + 3*m**2 + m + 1. Let r be c(3). Suppose -r*p + 16 + 20 = 0. Calculate the remainder when 16 is divided by p.
7
Suppose 3*t = 0, -n = t + 4*t - 3. Calculate the remainder when 2 + 1/(4 - n) is divided by 2.
1
Let n(f) = -4*f. Let g = -9 + 5. Let j be (-4)/12 + g/6. Calculate the remainder when 11 is divided by n(j).
3
Let q be -24 + 3/((-3)/2). Let j = q + 38. What is the remainder when 34 is divided by j?
10
Suppose -138*o + 135*o = -24. Calculate the remainder when 22 is divided by o.
6
Let l = 7 + -6. What is the remainder when ((-2)/4)/(l/(-106)) is divided by 14?
11
Suppose -k = -t - 3*t - 30, -5*k - 4*t + 54 = 0. Let r(c) = c**3 + 10*c**2 - 12*c + 15. What is the remainder when r(-11) is divided by k?
12
Calculate the remainder when 47 is divided by (-280)/(-45) - 6/27.
5
Let p = -20 - -44. Calculate the remainder when p is divided by 14.
10
Let n = -12 + 22. Suppose 4 = 3*a - 5. What is the remainder when n is divided by a?
1
Suppose -2*f - 2*f = -16. Suppose -f*h = -2*h - 4*d - 30, -3*h + 2*d = -45. What is the remainder when h is divided by 8?
7
Suppose 3*c + 2*c - 15 = 0. Let t be (1/1 - c) + 4. Suppose 5*f - 3 = -2*u - 6, 0 = -u - t*f. What is the remainder when 11 is divided by u?
5
Suppose 4*k = -0*k + 60. Let p(i) = i**2 - 8*i + 8. Let o = -11 - -19. What is the remainder when k is divided by p(o)?
7
Let h(i) = 10*i - 1. Let l be h(-1). Suppose 0 = -5*y + 5*u - 30, -3*y + 3 - 20 = -2*u. Let c = y - l. What is the remainder when 16 is divided by c?
4
Suppose -5*m = -5*n - 18 - 52, 0 = 5*m + 3*n - 110. Calculate the remainder when m is divided by (2/(-3))/(2/(-21)).
5
Suppose -t + 5*x = -85, x - 4*x + 294 = 4*t. Suppose -t = -m - 4*m. Let r(p) = -p**3 - p**2 + 29. What is the remainder when r(0) is divided by m?
14
Suppose c = 6*c + 3*z - 103, -2*c + 41 = z. What is the remainder when 298 is divided by c?
18
Suppose -6 = 4*w - 18. Suppose -46 = -w*y + y. Suppose -12 + 48 = 3*p. What is the remainder when y is divided by p?
11
Let u = 66 - 49. Calculate the remainder when 33 is divided by u.
16
Let k be -2*(-1)/((-3)/(-18)). Let x = k + -7. Let u = 3 - 1. Calculate the remainder when x is divided by u.
1
Calculate the remainder when ((-4)/(-3))/(2/123) is divided by 29.
24
Suppose -4 = -3*g + 2*w - 1, -g + 4*w - 9 = 0. Let d = -33 - -65. Suppose -4*c + d = 2*u - 3*u, 5*c - 40 = -u. Calculate the remainder when c is divided by g.
2
Let t(l) = 3*l**2 - l. Let r(c) = -c**3 + 4*c**2 + 7*c + 6. Let x be r(6). Calculate the remainder when (x - (2 + 0))*-1 is divided by t(-2).
12
Suppose z = 2*z - 34. Let d be (-16)/(((-30)/9)/(-5)). Let g = 36 + d. Calculate the remainder when z is divided by g.
10
Let y = -18 + 23. What is the remainder when (-47)/(-5) - (-4)/(-10) is divided by y?
4
Suppose 4*h - 5 = 3*h. Suppose 3*a - 145 = -b, h*a - 40 = -5*b + 185. What is the remainder when a is divided by 26?
24
Let i(z) = 3*z + 85. What is the remainder when i(-20) is divided by 7?
4
Suppose -5*w = 2*u - 116, -2*u - 43 = -4*w + 39. Let s = 44 - 20. Suppose b + b = s. Calculate the remainder when w is divided by b.
10
Let u = -50 - -62. Calculate the remainder when 21 is divided by u.
9
Suppose -p = -q - 3*q + 10, -4*p - 3*q + 36 = 0. Suppose 3*o = -5*x + 6*o + 95, -2*o = -3*x + 58. What is the remainder when x is divided by p?
4
Let j = 5 - 1. Calculate the remainder when 14 is divided by j.
2
Suppose -5 = 2*r - 25. What is the remainder when r is divided by 4?
2
Suppose 4*o - 56 = 5*m, 0 = -o - 4*m - 3 - 4. Suppose 5*j + 3*u - 128 = 0, -6*j = -4*j + 5*u - 55. What is the remainder when j is divided by o?
7
Let q(c) = c**3 - 7*c**2 + 3*c - 10. Let b(w) = w**2 - 2*w + 8. Calculate the remainder when b(-5) is divided by q(7).
10
Calculate the remainder when 0/(-3) + 42 + 4 is divided by 12.
10
Suppose -51*o = -53*o + 48. Suppose 0 = 2*q - 3*q + 46. Calculate the remainder when q is divided by o.
22
Let c(s) = -s**3 - 3*s**2 - s + 1. Calculate the remainder when 5 is divided by c(-3).
1
Let n(x) = 3*x - 3. Let k(c) = -c - 2. Let y be k(-9). Let u = y + -5. What is the remainder when n(2) is divided by u?
1
Suppose 2*u - 2*o - o = -56, 4*o = -3*u - 50. Let h = -1 - u. What is the remainder when 40 is divided by h?
19
Let t = 9 + -5. Let r = -22 - -39. Let v = r - t. Calculate the remainder when v is divided by 5.
3
Suppose -2*k + 19 - 5 = -2*i, 0 = -5*k + i + 19. Suppose 4*z - 2*z - 8 = 0, 5*z = -k*v + 11. What is the remainder when 19 is divided by ((-6)/v - 1) + 6?
5
Suppose -3*c = -6*c + 66. What is the remainder when 86 is divided by c?
20
Calculate the remainder when (-3)/(-9)*39*2 is divided by 9.
8
Suppose -4*y + 63 = -5. Suppose 0 = q + 16 - 21. What is the remainder when y is divided by q?
2
Let u(l) = 3*l + 7*l**2 + l**3 - 4 + 4*l**3 - 6*l**3. Calculate the remainder when u(7) is divided by 9.
8
Calculate the remainder when (-9 + 6/(-6))/(1/(-13)) is divided by 33.
31
Let w(i) = i + 5. Let f(n) = n**2 - 18*n + 4. Calculate the remainder when f(18) is divided by w(-3).
0
Suppose 5*n = -2*h + 23, -3*n - 20 = -2*h - 5*n. Suppose 3*k - f - 36 = -4*f, 4*k - f - 68 = 0. Calculate the remainder when k is divided by h.
7
Calculate the remainder when 133 is divided by (-12)/18*-21 - -3.
14
Let d(b) = 6*b**3 - b**2 - b. Let w be d(-1). Calculate the remainder when 9 is divided by w - -14 - (1 + 2).
4
Suppose 4*n - 4*l - 167 = 9, -l + 202 = 5*n. What is the remainder when n is divided by (-2 + 1)*-2 - -12?
13
Let y(r) = r**2 + 5*r + 39. Calculate the remainder when y(-12) is divided by 7.
4
Let m = -16 + 17. What is the remainder when 1 is divided by m?
0
Suppose 2*p + 0*a = 3*a + 282, -564 = -4*p - 3*a. Calculate the remainder when p is divided by 13.
11
Calculate the remainder when 15 is divided by 1/1 + 11 + -4.
7
Calculate the remainder when (-5390)/(-105) - 4/(-6) is divided by 11.
8
What is the remainder when 29 is divided by (-4)/(-10) - 36/(-10)?
1
Let p = -17 - -31. What is the remainder when 41 is divided by p?
13
Calculate the remainder when 13 is divided by (10/(-15))/((-4)/42).
6
Let o = 40 - 34. Calculate the remaind